8).
414
Let i(s) = -676*s**2 - 1546*s + 1545. What is i(1)?
-677
Let x(b) = -433*b - 53305. Determine x(-123).
-46
Let v(k) = -1223*k - 24428. What is v(-20)?
32
Let x(a) = 3*a**3 + 268*a**2 + 1362*a + 1517. Calculate x(-84).
5
Let q(k) = 4*k**2 - 378*k - 514. Determine q(89).
-2472
Let p(s) = 64231*s + 963461. What is p(-15)?
-4
Let m(i) = i**2 + 441*i - 92. Calculate m(0).
-92
Let p(k) = k**3 + 30*k**2 + 351*k + 10500. Calculate p(-30).
-30
Let y(r) = 274*r**2 - 837*r - 2499. What is y(-3)?
2478
Let a(w) = -3*w**2 + 531*w - 17792. What is a(132)?
28
Let b(d) = 6*d**3 - 16*d**2 - 1313*d + 2640. Calculate b(2).
-2
Let b(s) = -s**3 - 39*s**2 - 434*s - 1314. Calculate b(-12).
6
Let s(k) = -7*k**3 + 37*k**2 + 201*k - 37. Calculate s(-5).
758
Let y(q) = 27004*q - 215957. Calculate y(8).
75
Let w(t) = 31*t**2 - 944*t - 9318. Calculate w(-8).
218
Let z(v) = -v**2 - 81*v + 22853. What is z(-197)?
1
Let r(z) = -5678*z + 56791. Determine r(10).
11
Let o(p) = -p**3 - 20*p**2 - 62*p + 269. Calculate o(-12).
-139
Let i(m) = -34*m**3 - 27*m**2 + 66*m + 191. Determine i(-3).
668
Let n(p) = p**3 - 98*p**2 + 1668*p + 283. Calculate n(76).
-21
Let j(s) = -22290*s - 245014. Determine j(-11).
176
Let a(h) = -6*h**2 + 1288*h - 2299. What is a(0)?
-2299
Let t(p) = -143*p**2 + 585*p + 58. Give t(6).
-1580
Let h(w) = 2191*w - 464495. Determine h(212).
-3
Let y(g) = -g**2 + 61*g - 291. Calculate y(41).
529
Let p(z) = 8*z**3 + 1756*z**2 - 905*z - 5514. What is p(-220)?
-14
Let n(m) = -1709*m + 107662. Calculate n(63).
-5
Let w(a) = 270*a - 24292. Calculate w(73).
-4582
Let g(n) = -1571*n + 337767. Give g(215).
2
Let w(l) = 20*l**2 + 38000*l - 114007. Give w(3).
173
Let g(h) = -607*h + 133572. What is g(220)?
32
Let g(y) = -303*y**2 - 3282*y - 8286. Give g(-4).
-6
Let i(c) = 2*c**3 - 151*c**2 + 939*c + 170. Give i(7).
30
Let m(x) = -x**2 - 5584*x - 5585. What is m(-1)?
-2
Let k(i) = 856*i - 33523. Calculate k(39).
-139
Let t(d) = 202317*d - 4653289. Determine t(23).
2
Let n(v) = -2477*v + 32500. What is n(13)?
299
Let b(x) = -7*x**3 + 640*x**2 - 2091*x - 1854. Determine b(88).
-6
Let q(s) = 41*s**2 + 2452*s - 39493. Determine q(-73).
0
Let q(g) = 3*g**3 - 3*g**2 - 13. Calculate q(8).
1331
Let j(l) = -2*l**3 + 850*l**2 + 1690*l + 7695. Determine j(427).
9
Let h(b) = 990*b**2 - 666261*b - 6061. Give h(673).
-4
Let l(r) = -r**3 - 62*r**2 + 59*r + 391. Calculate l(3).
-17
Let t(y) = -4*y**3 + 74*y**2 - 5311*y + 94946. What is t(18)?
-4
Let x(b) = -3*b**2 - 92212*b - 184423. Determine x(-2).
-11
Let m(i) = -2*i**3 + 504*i**2 - 30955*i + 85. Give m(106).
-233
Let s(a) = 2*a**2 - 127*a + 1526. Calculate s(46).
-84
Let d(q) = -724578*q + 2898312. What is d(4)?
0
Let s(w) = -w**3 - 124*w**2 - 1834*w - 248. What is s(-17)?
7
Let v(l) = -22*l**3 - 79*l**2 - 150*l - 444. Calculate v(-3).
-111
Let z(o) = 37592*o + 4736582. Calculate z(-126).
-10
Let j(z) = -3892*z - 11859. Give j(-3).
-183
Let j(b) = -b**3 + 29*b**2 - 160*b + 620. Give j(23).
114
Let a(i) = -327740*i - 327731. Determine a(-1).
9
Let d(a) = -a**3 + 4*a**2 + 309*a - 2630. What is d(10)?
-140
Let t(z) = 1106*z - 102852. What is t(93)?
6
Let x(n) = -576*n**3 - 25*n**2 - 9*n + 18. Give x(-1).
578
Let p(a) = -a**3 + 97*a**2 + 94*a + 19. Calculate p(98).
-373
Let z(f) = -15*f**3 + 483*f**2 - 3893*f + 92. Determine z(16).
12
Let a(g) = 15*g**2 - 7294*g + 23665. Give a(483).
-2
Let k(g) = -18*g**2 - 1532*g - 4590. Determine k(-82).
2
Let s(m) = -3260*m - 2455. Calculate s(0).
-2455
Let y(k) = 45741*k - 548891. What is y(12)?
1
Let s(w) = -10*w**2 - 30*w + 278. Give s(-7).
-2
Let a(k) = 2872814*k + 5745613. Give a(-2).
-15
Let s(u) = -476*u + 36030. Give s(78).
-1098
Let b(y) = 6182*y + 408004. Calculate b(-66).
-8
Let j(o) = -16*o**2 - 3903*o + 15834. Determine j(4).
-34
Let a(b) = -3*b**3 - 72*b**2 + 128*b - 702. What is a(-26)?
26
Let b(x) = -2553*x - 201876. Give b(-79).
-189
Let v(b) = -30*b + 1465. Calculate v(42).
205
Let y(d) = -d**2 + 669011*d - 20069431. Give y(30).
-1
Let q(o) = -4*o**2 - 153*o + 71568. Determine q(116).
-4
Let o(h) = -15116*h - 196500. Calculate o(-13).
8
Let u(t) = 12*t**3 + 61*t**2 - 11*t - 80. Calculate u(-5).
0
Let p(l) = -l**3 - 3*l**2 + 64*l - 259. Give p(5).
-139
Let q(u) = u**2 + 2*u - 170. Give q(14).
54
Let q(o) = -123*o + 9499. Calculate q(65).
1504
Let l(s) = 2792*s + 5421. Calculate l(-2).
-163
Let l(q) = q**3 + 355*q**2 - 543*q - 440938. Determine l(-353).
-41
Let h(p) = -74*p**2 - 11244*p + 650. Give h(-152).
42
Let f(i) = -2*i**3 + 27*i**2 - 105*i + 1193. Calculate f(13).
-3
Let x(l) = -6*l**3 + 255*l**2 + 76*l + 551. What is x(43)?
-1728
Let l(i) = 2865*i + 272185. Calculate l(-95).
10
Let h(k) = 2*k**3 - 67*k**2 + 87*k + 312. Determine h(32).
24
Let p(y) = -3835*y + 532993. What is p(139)?
-72
Let t(j) = -j**2 + 163*j - 6519. Determine t(91).
33
Let p(o) = -202*o + 11425. Give p(55).
315
Let s(u) = -u**3 - 23*u**2 - 46*u + 132. Give s(-22).
660
Let p(g) = -184*g**2 + 7435*g + 4522. Calculate p(41).
53
Let s(z) = 2434*z + 19574. What is s(-8)?
102
Let p(o) = 83*o**2 - 509*o - 2. Calculate p(-5).
4618
Let g(s) = 9*s**3 - 24*s**2 + 22*s + 54. Calculate g(2).
74
Let v(t) = 13972*t - 503001. What is v(36)?
-9
Let t(p) = -17834*p - 17441685. Give t(-978).
-33
Let y(k) = 2*k**2 + 696*k + 21950. Give y(-35).
40
Let f(z) = 2*z**3 + 211*z**2 + 4085*z + 406. Give f(-80).
6
Let y(q) = 6*q**3 + 283*q**2 + 39*q + 111. Calculate y(-47).
487
Let s(o) = -o**3 + 119*o**2 - 235*o + 208. Determine s(117).
91
Let b(h) = 2*h**2 - 8*h - 22. What is b(-2)?
2
Let s(y) = -4*y**2 + 305719*y - 1222867. Calculate s(4).
-55
Let s(k) = k**2 + 117*k + 1442. What is s(-13)?
90
Let y(q) = 2*q**2 - 7751*q - 3514106. Calculate y(-410).
4
Let m(p) = -2466*p - 900085. Calculate m(-365).
5
Let r(s) = -s**2 - 102*s - 50. What is r(-92)?
870
Let d(r) = r**3 - 34*r**2 - 43*r - 299. What is d(37)?
2217
Let v(d) = 7*d - 2237. Give v(23).
-2076
Let t(b) = -12009*b - 13305978. What is t(-1108)?
-6
Let x(a) = a**3 + 28*a**2 - 179*a - 5124. Determine x(-30).
-1554
Let w(z) = 181*z - 1154. Determine w(8).
294
Let h(m) = 23*m**2 - 498*m - 8219. What is h(-11)?
42
Let a(c) = 2820*c + 76107. What is a(-27)?
-33
Let b(y) = -638*y + 7860. What is b(16)?
-2348
Let k(s) = 15198*s + 10121859. Give k(-666).
-9
Let m(u) = 1853*u - 7601. Determine m(4).
-189
Let l(y) = y**2 + 50*y - 3654. Give l(-98).
1050
Let i(t) = -2*t**3 + 1103*t**2 + 203*t + 192653. Calculate i(552).
5
Let w(g) = 2027*g**2 + g - 10. Determine w(1).
2018
Let c(l) = l**3 + 81*l**2 - 2400*l - 1049. What is c(-104)?
-217
Let k(m) = 63075*m - 28131440. What is k(446)?
10
Let b(y) = -5717*y + 977553. Calculate b(171).
-54
Let h(l) = -l**3 - 1488*l**2 + 37826*l + 13. Calculate h(25).
38
Let w(o) = -7*o**2 - 12254*o + 65. Give w(0).
65
Let x(o) = -26*o**2 - 13*o + 45. What is x(7)?
-1320
Let u(b) = -b**2 + 36*b + 1671. Determine u(56).
551
Let m(d) = 107*d**2 - 816*d. Determine m(1).
-709
Let l(o) = -423*o**2 - 143*o - 281. Determine l(-2).
-1687
Let y(f) = 9*f**2 + 4319*f + 263977. Give y(-408).
1
Let s(h) = -15*h**2 + 19*h + 13980. What is s(31)?
154
Let g(s) = -s**3 - 100*s**2 + 10259*s - 1663. Give g(-163).
-33
Let z(f) = -91*f + 1902. Determine z(27).
-555
Let k(x) = -3154*x - 246000. What is k(-78)?
12
Let k(z) = z**3 + 3*z**2 + 558*z - 1737. Determine k(3).
-9
Let z(u) = -380*u + 155248. Calculate z(407).
588
Let v(a) = 9953*a - 70149. What is v(7)?
-478
Let z(n) = -4*n**3 - 2*n**2 + 175*n - 692. Give z(4).
-280
Let m(p) = 431*p + 30506. What is m(-71)?
-95
Let y(b) = 429*b - 21360. Determine y(49).
-339
Let a(j) = -939*j + 500. Determine a(-1).
1439
Let d(m) = 17810*m + 4363448. Calculate d(-245).
-2
Let w(m) = 567*m**2 - 125887*m + 2905. What is w(222)?
19
Let c(l) = 28322*l - 113311. Determine c(4).
-23
Let p(g) = 76144*g - 1370593. Give p(18).
-1
Let n(x) = -271*x**3 + 291*x**2 + 290*x - 2. Determine n(-1).
270
Let q(r) = -12*r**2 - 1045*r - 5267. What is q(-81)?
646
Let r(t) = -27054*t - 81194. Determine r(-3).
-32
Let h(a) = -1344*a**2 + 3256*a - 3251. What is h(1)?
-1339
Let c(r) = 2*r**2 + 964*r - 49749. Determine c(47).
-23
Let d(o) = -o**3 - 26*o**2 + 751*o + 19467. Give d(-28).
7
Let r(m) = -9894*m - 2968210. Give r(-300).
-10
Let m(c) = 758*c + 2996.